= 0. Calculate the highest common divisor of k and z.
4
Suppose -8*d + 153 = -15. Suppose 3*w - 6*w + 570 = -p, 2*w = 3*p + 387. Calculate the greatest common factor of d and w.
21
Let l = 841 - 688. Suppose 42*i + 209 = 46*i - 3*k, 3*i - l = 3*k. Let s = 8 + 20. What is the greatest common divisor of s and i?
28
Suppose -3078 - 2646 = -9*h. What is the highest common factor of 52 and h?
4
Let x be (26/(-8) + 0)/((-26)/104). Suppose -j + 7*j - 18 = 0. Let m be 311/j - (-4)/12. What is the highest common divisor of x and m?
13
Let i(v) = -107*v**3 - v**2 + 3*v - 4. Let u be i(2). Let k = 871 + u. Calculate the greatest common factor of k and 221.
13
Suppose -7895 + 6435 = -10*r. What is the highest common divisor of 1971 and r?
73
Suppose -4*w + 7*w = d, 5*w = 25. Suppose a = -4*a - 5*n + 220, a = 4*n + 49. Calculate the highest common factor of d and a.
15
Suppose 22*x - 26*x = 2*u - 2026, -2*x = -3*u - 993. Let i be 2 - 3 - x/27*-6. What is the highest common factor of 37 and i?
37
Suppose 0 = -42*i + 45*i - 882. Suppose -94*f + 87*f = -i. Suppose 3*n = -3*s + 9, 3*n + 5*s - 3 = -2. What is the greatest common divisor of n and f?
7
Let g(k) = k**3 + 28*k**2 - 50*k + 311. Let f be g(-30). What is the greatest common divisor of f and 275?
11
Let y(w) = 2*w**3 + 86*w**2 + 20*w - 17. Let s be y(11). Calculate the highest common divisor of 69 and s.
23
Let l(o) = -544*o - 3254. Let s be l(-6). Suppose -z - 500 = -3*z. What is the highest common factor of z and s?
10
Let h(o) = -45*o - 1766. Let f be h(-40). Calculate the highest common divisor of 14 and f.
2
Let p(i) = 118*i + 506. Let c be p(-3). Let q(k) = 29*k**2 + 3*k - 4. Let t be q(3). Calculate the highest common factor of t and c.
38
Suppose -4 = 4*r - 5*o - 19, 0 = 5*r + 5*o - 30. Let t(g) = g**2 - 39*g - 1774. Let a be t(-27). What is the highest common divisor of r and a?
1
Suppose -18*q = -12*q + 36. Let l be -2 - q*35/10*1. What is the highest common divisor of 304 and l?
19
Let b be (-38)/(-14) + -3 - 10248/(-196). Suppose -4*t + s + 27 = -4*s, 2*t - 1 = 5*s. Calculate the highest common factor of t and b.
13
Let g = -27868 + 31377. What is the greatest common factor of 29 and g?
29
Let z = 629 + -617. Suppose 89 = 4*t + 5*y, t - 2 - z = -4*y. What is the highest common factor of t and 16?
2
Let u be ((-20)/9)/10 - 274/(-18). Suppose -u*r - 280 = -23*r. What is the highest common factor of 70 and r?
35
Suppose -21*d - 12*d + 5956 = -10412. Calculate the highest common factor of d and 806.
62
Suppose -28*h = -34*h + 36. Suppose -h*b + 1984 = -2*b. Suppose -2*z + b + 332 = 0. Calculate the highest common factor of 46 and z.
46
Suppose 0 = -7*x + 5*x + 86. Suppose 0 = 13*j - 35 - x. Let n be j/15*2*(100 + 0). Calculate the greatest common factor of n and 120.
40
Let q be 15/18*(-72)/(-45)*108. What is the highest common divisor of 18 and q?
18
Suppose -1136 = 20*i - 1656. What is the highest common factor of i and 1365?
13
Suppose 29*q - 1050 = 14*q. Let o be (156/91)/(2/q). What is the highest common divisor of 135 and o?
15
Let q(t) = 3*t**2 - 9*t - 49. Let s be -3 + (-7)/(-28)*0. Let u be q(s). What is the highest common factor of u and 365?
5
Let m = -576 - -780. Calculate the greatest common divisor of 432 and m.
12
Let j(g) = -g**3 - g**2 + 4*g + 2. Let m be j(-7). Let h = 510 - m. What is the highest common divisor of h and 44?
22
Let k(h) = 29*h**2 - 343*h + 10. Let r be k(12). Calculate the highest common factor of 2240 and r.
70
Let f = 1350 - 894. What is the greatest common factor of f and 836?
76
Suppose -10*l + 24*l = 644. Calculate the greatest common factor of l and 483.
23
Suppose 3*d - 22 = -d + 3*v, 4 = -2*v. Let o be ((-2)/d)/(7/(-42)) + -3. Let x be (-6 - -2) + ((-184)/(-4) - o). What is the greatest common factor of 56 and x?
14
Let o(y) = 215*y - 43. Let n be o(5). What is the highest common factor of 48 and n?
24
Let l(q) = -q + 29. Let h be l(7). Let u = 99 + 9. Suppose 102 = 5*w + 3*a - a, -4*w + 5*a + u = 0. Calculate the highest common divisor of h and w.
22
Let t(m) = 166*m - 15. Let x be -1*20*(-41)/205. Let r be t(x). Calculate the highest common divisor of 59 and r.
59
Let v = -6859 - -8702. What is the greatest common factor of 291 and v?
97
Suppose 3*n = -105*m + 100*m + 120, -3*n = -m + 24. What is the highest common divisor of m and 2712?
24
Let s(x) = 7*x**2 - 18*x - 36. Suppose -5*d + 55 = 5*u, 2*d - 12 = -0*d + 3*u. Let b be s(d). Calculate the highest common divisor of b and 41.
41
Suppose 81 = -5*d + 246. Let p = -17 + d. Let l(z) = -17*z + 331. Let x be l(19). What is the greatest common factor of x and p?
8
Suppose 18*i = -805 + 931. Calculate the greatest common factor of 973 and i.
7
Let r(w) = 27*w - 9*w**2 + 6*w**2 + 21*w**2 + 19 - 4*w**3 + 2*w**3 + 23*w**2. Let n be r(21). Calculate the greatest common divisor of n and 261.
29
Let f = -110 - -250. Suppose -5*w + 4*c = -317 - 3, -4*c + 460 = 8*w. Calculate the greatest common factor of w and f.
20
Let c = -6 + -6. Let q be c*(-4 - -2)*5. Let p = 4506 - 4476. What is the greatest common factor of q and p?
30
Suppose -30154 = -32*t + 1046. Calculate the greatest common divisor of 150 and t.
75
Let x = -51 - -56. Calculate the greatest common factor of x and 565.
5
Let m(s) = -25*s + 75. Let o be m(17). Let d = -14 - o. What is the highest common factor of 48 and d?
48
Suppose -19*y = -154*y + 9*y + 639450. Calculate the highest common divisor of y and 812.
203
Let j = -6549 - -6618. What is the greatest common factor of j and 92?
23
Let v = 52 + -34. Let n be 1139 - (4 - (36 + -13 - 6)). Calculate the highest common factor of v and n.
18
Let p be (-10)/(-8) + 5/(-4) + 1. Let g be (8/20)/(p/30). Suppose 3*l = -m + 90, -3*l + 39 = 2*m - 51. Calculate the highest common divisor of g and l.
6
Let b be (28*(-30)/160)/(6/(-8)). Suppose 4*t - 313 + 249 = 0. What is the highest common divisor of t and b?
1
Let c(i) = -14*i**3 + 33*i**2 - 21*i - 77. Let u be c(-5). Calculate the greatest common divisor of 57 and u.
19
Let m be (8/6)/((-140)/735) + 208. What is the highest common factor of 603 and m?
201
Let m = 204 + -199. Suppose -15*j + 10 + m = 0. What is the highest common divisor of j and 13?
1
Let s = -20 + -53. Let j = -63 - s. Suppose -a = -2, -3*t = 2*t - 5*a - 290. Calculate the greatest common divisor of t and j.
10
Let p(l) = 33*l + 372. Let y be p(-11). Calculate the highest common factor of 243 and y.
9
Suppose -49*h + 52*h - 3235 = -4*t, 4*t - 3284 = 4*h. What is the highest common factor of 1034 and t?
22
Let y(d) be the third derivative of -5*d**4/4 - 17*d**3/2 - 91*d**2. Let h be y(-5). What is the greatest common factor of h and 9?
9
Suppose 2*m - 8 = 6. Let s = -414 - -634. Let d = s + -157. Calculate the greatest common divisor of m and d.
7
Suppose -r = -7*r - 90. Let h be (-710)/r - (-4)/6. What is the greatest common divisor of h and 12?
12
Let n = 47309 - 5071. Let w be 4/54 - n/(-1323). Calculate the greatest common divisor of 56 and w.
8
Let n = 377 - -3764. What is the highest common factor of 41 and n?
41
Let g = 6720 + -5982. Calculate the greatest common divisor of 18 and g.
18
Suppose a = 171 + 337. What is the greatest common divisor of 20 and a?
4
Let h(x) = -25*x**2 - 4*x - 3. Let b be h(-1). Let r(w) = -w**3 - 22*w**2 + 43*w + 14. Let z be r(b). Calculate the greatest common factor of 2 and z.
2
Let p be (5 + -2)/(1 + 2 + 256/(-96)). What is the greatest common factor of 123 and p?
3
Let j(x) = x**3 - x**2 - 2*x - 3. Let b be j(3). Let z(g) = -3*g. Let o be z(3). Let y = o - -45. Calculate the greatest common divisor of b and y.
9
Let g = -10 + 61. Let q = g + 3. Calculate the greatest common divisor of 216 and q.
54
Suppose 0 = 2*q + 13*v - 12*v - 305, 0 = -3*q - 3*v + 456. Calculate the highest common factor of 272 and q.
17
Let r be (-22790)/(-344) - 15/(-4). Calculate the highest common divisor of r and 520.
10
Let o(s) = -s**3 - 15*s**2 + 39*s + 30. Let h be o(-17). Let a = h - -59. What is the highest common factor of a and 6?
2
Let a be (6 - (-195)/12) + (-2)/8. Calculate the greatest common divisor of a and 6.
2
Let z be (-60)/(-18)*(0 + 1 - (-2248)/20). Calculate the greatest common factor of z and 21.
21
Let z be (-2 - -1) + 11/((-22)/(-2232)). Let p 